e 5*n - 3*m - 2*m = 185, -5 = -s*m. Calculate the highest common divisor of n and 57.
19
Suppose 4*j = -4*i + 60, 0 = 2*i - i - 1. Calculate the greatest common divisor of j and 98.
14
Suppose 0 = -13*s + 15*s - 42. What is the greatest common divisor of s and 63?
21
Let l be (-458)/(-4) + ((-20)/8 - -2). Let n = 141 + -90. Let x = -32 + n. What is the highest common factor of l and x?
19
Suppose 2*j - 5 = -3, k + 2*j = -5. Let d(s) = -s - 2. Let n be d(k). Let m = 6 - -4. What is the highest common divisor of m and n?
5
Let v be 136/40 - (-2)/(-5). Suppose v*c = 2*c - 15. Let l be (-2)/(-6) - 100/c. What is the highest common factor of l and 77?
7
Let q(y) = -23*y + 1. Let h be q(-3). Suppose 2*i + 2*i + o - 41 = 0, 3*i = -3*o + 33. What is the highest common divisor of i and h?
10
Let x be (18/21)/(2/42). Calculate the greatest common factor of x and 2.
2
Suppose 3*c - 5 = -2*c. Suppose 5*n = 6 - c. Let y(x) = -4*x. Let t be y(-2). Calculate the highest common divisor of n and t.
1
Let y be 0 - (-3)/1*1. Suppose 0 = -a - y*a + 228. Suppose g + 4*g - 95 = 0. Calculate the greatest common divisor of a and g.
19
Let r(p) be the second derivative of p**4/12 + 7*p**3/6 + 7*p**2 + 3*p. Let x be r(-6). What is the highest common factor of x and 88?
8
Let h(u) = -u**2 - 8*u - 1. Let p be h(-8). Let j be (30/3)/(p/(-7)). Let t(r) = -5*r - 6. Let m be t(-4). What is the highest common divisor of m and j?
14
Let f(c) = -5 - 6 - c**2 + 3 - 9*c. Let r be f(-6). Let h = r - -2. Calculate the greatest common divisor of h and 4.
4
Suppose -5*q + 130 = -5*v, 3 = v - 1. What is the greatest common divisor of q and 15?
15
Let u(v) = 36*v. Suppose -3*q + t - 3*t + 4 = 0, -q - 3 = 5*t. Let h be u(q). What is the greatest common factor of 8 and h?
8
Let x = 17 - 12. Suppose 276 = 5*r - 269. Let t = r + -54. Calculate the highest common divisor of t and x.
5
Suppose -25 = -5*c + 20. What is the highest common divisor of 36 and c?
9
Let h(l) = -13*l - 17. Let j be h(-8). What is the highest common factor of 58 and j?
29
Let r(w) = -2*w + 6. Let y be r(9). Let i be ((-848)/y)/(2/6). Let d be (-1)/(-3) + i/12. What is the greatest common divisor of d and 6?
6
Let j = 5 - 1. What is the highest common factor of j and 2?
2
Let o(p) = p**3 - 2*p**2 + p. Let z be o(1). Suppose 5*a - 5*w = 90, z*a = 5*a + 4*w - 108. What is the greatest common divisor of a and 5?
5
Suppose 22*a + 2*a - 1008 = 0. Calculate the highest common divisor of 14 and a.
14
Let o(z) = 53*z**3 + 2*z**2 + 2*z + 1. Let t be o(-1). Let c = 132 + t. Let w(q) = -q + 23. Let s be w(13). What is the highest common divisor of s and c?
10
Let z = 5 - 3. Suppose -334 = -4*t + z*h, 0*t = -t + 3*h + 81. Suppose 0 = v + 4*v - 60. Calculate the greatest common factor of v and t.
12
Let f(w) = -2*w + 7. Let u be f(-3). Calculate the greatest common factor of u and 52.
13
Let t be 114/24 - (-1)/4. Let v(u) = -107*u + 3. Let q be v(-3). Suppose -t*s + q = -s. What is the greatest common factor of 9 and s?
9
Let i be 3 + (-2 - -1)*-36. Calculate the highest common factor of i and 26.
13
Suppose 4*f = 2*f - 5*q + 85, 0 = -f + 5*q + 5. Suppose 4*c = 0, h + 3 = -c - 0. Let s = h - -15. Calculate the greatest common factor of f and s.
6
Let l(o) be the third derivative of -5*o**4/24 - o**3/2 - o**2. Let t be l(-3). Calculate the greatest common divisor of 36 and t.
12
Suppose 7*f - 42 = 4*f. What is the greatest common factor of f and 14?
14
Let b be ((-3)/(-2))/(3/20). What is the greatest common factor of 5 and b?
5
Let l be (-2)/2*(-8 + -1). Let o = -108 - -126. What is the highest common factor of o and l?
9
Suppose 0*b - 35 = -5*b. Let z = b + -4. What is the greatest common factor of z and 6?
3
Suppose -t - 3*t + 469 = -3*h, 0 = 5*h - 25. Calculate the highest common divisor of t and 11.
11
Let h = -11 + 6. Let w = 1 - h. Let t = 11 - w. Calculate the highest common divisor of 10 and t.
5
Let w be (-111)/148 + (-651)/(-4). Calculate the highest common factor of 18 and w.
18
Let w(c) = c**2 + 2*c + 21. Let g be w(0). Calculate the highest common factor of g and 21.
21
Let b be 15/(-6)*36/20*-26. Calculate the greatest common factor of 39 and b.
39
Let i be (-10*(-3 - -2))/1. Suppose -3*p = -4*y - 20, -y + 10 = -3*y. Suppose p = -0*c + 2*c - 20. Calculate the highest common factor of c and i.
10
Let k(b) = 2*b - 10. Let p(c) = 8*c**2 + c. Let n be p(-1). Let j be k(n). Suppose 8*x = j*x + 224. Calculate the greatest common divisor of x and 8.
8
Let l(i) = -i**2 - 4*i + 1. Let y be l(-5). Suppose 3*v = -q - 10, -3*q + v + 2 = -4*q. Let c be 6/q + y/(-1). Calculate the highest common divisor of c and 77.
7
Suppose d + 3*d - 26 = a, -5*d = -4*a - 27. Calculate the highest common factor of 49 and d.
7
Let o(c) = -c**3 - 8*c**2 - 9*c - 10. Suppose 0*l - l = -2*j - 13, 0 = 2*l + 2. Let z be o(j). Calculate the highest common factor of 4 and z.
4
Let w = -147 + 158. Calculate the highest common divisor of 1 and w.
1
Let n(l) = 2*l**2 - 2*l + 32. Let z be n(0). What is the greatest common factor of z and 352?
32
Let h(y) = 4*y + 3. Let r be h(6). What is the highest common divisor of r and 189?
27
Let t = 14 - 24. Let v(j) = j**2 + 11*j + 12. Let k be v(t). Calculate the highest common factor of k and 8.
2
Let h be (0 - -101) + (3 - 1). Suppose 5*m - 86 + 33 = -3*c, -h = -5*c - m. What is the greatest common factor of 42 and c?
21
Let o = 9 - 4. Suppose -o*q = -q - 120. Suppose -6 = -2*y, -3*t + y = 4*y - 39. What is the highest common divisor of q and t?
10
Let t(u) = 5*u**2 + u - 1. Let y be t(-1). Let s be 0 - (-209 + 0/y). Calculate the highest common factor of s and 19.
19
Let f = 20 - 12. Suppose 28 = 4*d + 4*z, d - 4 = -2*z - 0*z. Suppose -3*n - l = -d, n - l = -5*l - 4. What is the highest common factor of f and n?
4
Suppose 25 = 6*k - 41. What is the highest common factor of k and 44?
11
Suppose m + 5 = 33. Suppose f = -3*x + 16, 2*f + 5*x - 32 = -f. Suppose -f*p - 4 = 0, 4*j - 3*p + 5 = m. What is the greatest common factor of j and 5?
5
Let p = 48 - 24. Calculate the highest common factor of p and 120.
24
Let l be 10/1 - (-3)/2*2. What is the highest common factor of l and 13?
13
Let l(i) = -6*i + i**2 + 5*i - 12 - 5*i. Let u = -13 + 22. Let f be l(u). What is the highest common divisor of f and 10?
5
Suppose -2*g - 19 + 47 = 0. What is the highest common factor of 2 and g?
2
Let j = 4 + -3. Let h(c) = 43*c - 170. Let s be h(4). What is the highest common factor of j and s?
1
Let p(z) = 6*z**2. Let l be p(2). What is the greatest common factor of l and 6?
6
Suppose 2*w = 6*w + 5*y - 125, y + 119 = 4*w. Let g = -23 + w. Calculate the greatest common factor of 7 and g.
7
Let m = 1 + 7. Let d = 32 - 12. What is the greatest common factor of m and d?
4
Suppose 5*n = -147 + 1022. Let v = -124 + n. What is the greatest common divisor of 34 and v?
17
Suppose -3*v = -4*l - 31, 5*l + 63 = 5*v + 4*l. What is the highest common factor of 117 and v?
13
Suppose -2*d - 144 = -5*d. What is the highest common divisor of 120 and d?
24
Let n(a) = 14*a**2 - a - 2. Let j(u) = -2*u + 2. Let x be j(2). Let w be n(x). What is the greatest common divisor of w and 8?
8
Suppose -n + 32 = -45. Let k = n - 42. What is the highest common divisor of k and 7?
7
Let s(z) = z + 3*z - 5*z. Let x be s(-6). Let f be 70/x + (-2)/(-6). What is the greatest common divisor of 4 and f?
4
Let w = 0 - -10. Let y be 14/2*(-24)/(-14). Let f = w + y. Calculate the highest common divisor of 22 and f.
22
Let n be 1/2 + 11/22. What is the greatest common divisor of n and 1?
1
Let p = -6 + 8. Let n = -6 + 6. Suppose t = -4*a + 4, -4*t + n*a + 30 = p*a. Calculate the greatest common divisor of t and 72.
8
Suppose -2*t = 14*t - 800. Calculate the highest common divisor of 30 and t.
10
Let w(u) = -u**2 - 8*u + 4. Let i be w(-8). Let s be i/2*9/6. Suppose -5*z = -3*y - 33 + 170, 3*z + 141 = s*y. Calculate the greatest common divisor of y and 7.
7
Let d be (-120)/25*20/(-6). What is the greatest common divisor of d and 176?
16
Let n be 2*7*(16 + -15). Calculate the greatest common divisor of 154 and n.
14
Let r be (-4)/10*-21*5. Calculate the greatest common factor of 14 and r.
14
Suppose -3*q = -5*g - 24, 2*q - g - 3 = -2*g. Let d be q*(-70)/(-12)*4. Let r = 53 